{"id":6,"date":"2020-09-16T01:38:17","date_gmt":"2020-09-16T01:38:17","guid":{"rendered":"https:\/\/www.topofilosofia.net\/cisonhos\/home\/"},"modified":"2020-11-15T09:43:48","modified_gmt":"2020-11-15T12:43:48","slug":"home","status":"publish","type":"page","link":"https:\/\/www.topofilosofia.net\/cisonhos\/","title":{"rendered":"Home"},"content":{"rendered":"<div class=\"boldgrid-section\"><\/div>\n<div class=\"boldgrid-section color5-background-color color5-text-default\">\n<div class=\"container\">\n<div class=\"row\" style=\"padding-top: 20px; padding-bottom: 0px;\">\n<div class=\"col-md-12 col-xs-12 col-sm-12\">\n<h2 class=\"color3-color\" style=\"text-align: center;\">uma proposta de retorno ao pensamento de Freud<\/h2>\n<\/div>\n<\/div>\n<div class=\"row\" style=\"padding-top: 20px; padding-bottom: 57px;\">\n<div class=\"col-md-6 col-xs-12 col-sm-6\" style=\"padding: 0em; border-radius: 0px;\">\n<div>\t<div id=\"traumdeutung01_hype_container\" class=\"HYPE_document\" style=\"margin:auto;position:relative;width:600px;height:450px;overflow:hidden;\">\n\t\t<script type=\"text\/javascript\" charset=\"utf-8\" src=\"\/\/www.topofilosofia.net\/cisonhos\/wp-content\/uploads\/hypeanimations\/1\/traumdeutung_01.hyperesources\/traumdeutung01_hype_generated_script.js?37963\"><\/script>\n\t<\/div>\n<\/div>\n<p style=\"text-align: left;\">&nbsp;<\/p>\n<\/div>\n<div class=\"col-md-6 col-sm-6 col-xs-12 align-column-center\" style=\"padding-right: 0em; padding-left: 2.2em;\">\n<div class=\"\">\n<p class=\"color3-color\" style=\"text-align: right;\"><strong>um olhar e uma leitura que \u00e9 um retorno \u00e0 coisa freudiana<\/strong><\/p>\n<p class=\"\" style=\"font-size: 16px;\"><strong>No seguimento dos trabalhos realizados com o curso<a href=\"https:\/\/topofilosofia.net\/cfreud\/\"> \u00abO nascimento da cl\u00ednica freudiana\u00bb<\/a>, o curso sobre \u00abA Interpreta\u00e7\u00e3o dos Sonhos\u00bb ir\u00e1 percorrer os fundamentos e o trajeto desenhado por Sigmund Freud em sua Opera Magna.<\/strong><\/p>\n<p class=\"\" style=\"font-size: 16px;\"><strong>O curso se organiza a partir de quatro eixos metodol\u00f3gicos que interagem nessa grande Obra: [1] os fundamentos filos\u00f3ficos &amp; geom\u00e9tricos, [2] a ang\u00fastia da influ\u00eancia (po\u00e9tico-art\u00edstica), [3] a constru\u00e7\u00e3o dos conceitos basilares e [4] a extensiva an\u00e1lise de sonhos.<\/strong><\/p>\n<p class=\"\" style=\"font-size: 16px;\">&nbsp;<\/p>\n<p class=\"\" style=\"text-align: center;\"><a class=\"button-primary\" href=\"https:\/\/www.topofilosofia.net\/cisonhos\/metodologia\/\"><strong>saiba mais sobre estes quatro eixos <\/strong><\/a><\/p>\n<\/div>\n<\/div>\n<\/div>\n<\/div>\n<\/div>\n<div class=\"boldgrid-section color4-background-color color4-text-default\">\n<div class=\"container\">\n<div class=\"row\" style=\"padding-top: 29px; padding-bottom: 0px;\">\n<div class=\"col-md-12 col-xs-12 col-sm-12\">\n<h2 class=\"color3-color\" style=\"text-align: center;\">metodologia hiperm\u00eddia<\/h2>\n<\/div>\n<\/div>\n<div class=\"row\" style=\"padding-top: 18px; padding-bottom: 47px;\">\n<div class=\"col-md-4 col-xs-12 col-sm-6\">\n<p class=\"\" style=\"text-align: left; font-size: 16px;\"><strong>\u00abO sonho n\u00e3o \u00e9 compar\u00e1vel aos sons desarm\u00f4nicos de um instrumento musical atingido pelo golpe de uma for\u00e7a externa em vez de ser tocado pela m\u00e3o do instrumentista, ele n\u00e3o \u00e9 desprovido de sentido, n\u00e3o \u00e9 absurdo, n\u00e3o pressup\u00f5e que uma parte de nosso patrim\u00f4nio de representa\u00e7\u00f5es&nbsp; durma enquanto outra come\u00e7a a despertar\u00bb [Freud, \u00abA Interpreta\u00e7\u00e3o dos Sonhos\u00bb, LPM: 143].<\/strong><\/p>\n<p class=\"\" style=\"text-align: left; font-size: 16px;\"><img loading=\"lazy\" decoding=\"async\" class=\"bg-img bg-img-rounded-bottom-left bg-img-rounded-bottom-right aligncenter wp-image-63 size-medium\" src=\"https:\/\/www.topofilosofia.net\/cisonhos\/wp-content\/uploads\/2020\/09\/448_0_576_576_Freud_Topos_certificado-1024x576.png\" alt=\"\" width=\"576\" height=\"576\" data-imhwpb-asset-id=\"695358\" srcset=\"https:\/\/www.topofilosofia.net\/cisonhos\/wp-content\/uploads\/2020\/09\/448_0_576_576_Freud_Topos_certificado-1024x576.png 576w, https:\/\/www.topofilosofia.net\/cisonhos\/wp-content\/uploads\/2020\/09\/Freud_Topos_certificado-150x150.png 150w, https:\/\/www.topofilosofia.net\/cisonhos\/wp-content\/uploads\/2020\/09\/Freud_Topos_certificado-48x48.png 48w, https:\/\/www.topofilosofia.net\/cisonhos\/wp-content\/uploads\/2020\/09\/Freud_Topos_certificado-300x300.png 300w, https:\/\/www.topofilosofia.net\/cisonhos\/wp-content\/uploads\/2020\/09\/448_0_555_555_Freud_Topos_certificado-1024x576.png 555w\" sizes=\"auto, (max-width: 576px) 100vw, 576px\" \/><\/p>\n<\/div>\n<div class=\"col-md-8 col-sm-6 col-xs-12\">\n<p class=\"\"><iframe loading=\"lazy\" class=\"_vs_ictr_player\" src=\"https:\/\/swiftcdn6.global.ssl.fastly.net\/projects\/5f03d38c3751e\/index.html?cb=zbh8q35ieonp7yccnppqtn\" width=\"900\" height=\"506\" frameborder=\"2\" scrolling=\"no\">&amp;amp;amp;amp;amp;amp;amp;lt;span data-mce-type=&#8221;bookmark&#8221; style=&#8221;display: inline-block; width: 0px; overflow: hidden; line-height: 0;&#8221; class=&#8221;mce_SELRES_start&#8221;&amp;amp;amp;amp;amp;amp;amp;gt;\ufeff&amp;amp;amp;amp;amp;amp;amp;lt;\/span&amp;amp;amp;amp;amp;amp;amp;gt;&amp;amp;amp;amp;amp;amp;amp;lt;span data-mce-type=&#8221;bookmark&#8221; style=&#8221;display: inline-block; width: 0px; overflow: hidden; line-height: 0;&#8221; class=&#8221;mce_SELRES_start&#8221;&amp;amp;amp;amp;amp;amp;amp;gt;\ufeff&amp;amp;amp;amp;amp;amp;amp;lt;\/span&amp;amp;amp;amp;amp;amp;amp;gt;<\/iframe><script src=\"https:\/\/vsplayer.global.ssl.fastly.net\/player-wrapper-v4.js\"><\/script><\/p>\n<p class=\"mod-reset\" style=\"font-size: 16px;\"><strong>Este \u00e9 um dos v\u00eddeos hiperm\u00eddia do Curso \u00abO nascimento da cl\u00ednica freudiana\u00bb. <\/strong><\/p>\n<p class=\"mod-reset\" style=\"font-size: 16px;\"><strong>As aulas do curso \u00abA Interpreta\u00e7\u00e3o dos Sonhos\u00bb possuem v\u00e1rios elementos interativos, e um deles s\u00e3o os v\u00eddeos hiperm\u00eddia, nos quais voc\u00ea pode escolher caminhos pelos quais percorrer de acordo com seu interesse de estudo.&nbsp;&nbsp;<\/strong><\/p>\n<p class=\"mod-reset\" style=\"font-size: 17px;\">&nbsp;<\/p>\n<p class=\"mod-reset\">&nbsp;<\/p>\n<\/div>\n<\/div>\n<div class=\"col-md-8 col-sm-12 col-xs-12\"><\/div>\n<\/div>\n<\/div>\n<div class=\"boldgrid-section color5-background-color color5-text-default\">\n<div class=\"container\">\n<div class=\"row\" style=\"padding-top: 43px; padding-bottom: 0px;\">\n<div class=\"col-md-12 col-xs-12 col-sm-12\">\n<h2 class=\"color3-color\" style=\"text-align: center;\">trabalhamos por voc\u00ea<\/h2>\n<\/div>\n<\/div>\n<div class=\"row\" style=\"padding-top: 19px; padding-bottom: 82px;\">\n<div class=\"col-md-4 col-xs-12 col-sm-6\">\n<div style=\"margin-top: 20px; margin-bottom: 20px; padding: 1.5em 1.9em;\" class=\"bg-box bg-box-rounded-bottom-right bg-box-rounded-top-right color4-text-default color4-background-color\">\n<h4 class=\"color3-color\">base de acesso de \u00faltima gera\u00e7\u00e3o<\/h4>\n<p class=\"\" style=\"font-size: 16px;\"><strong>o Curso possui uma plataforma de acesso de \u00faltima gera\u00e7\u00e3o, que foi planejada com cuidado pensando na sua experi\u00eancia educacional e est\u00e9tica.<\/strong><\/p>\n<p class=\"\">&nbsp;<\/p>\n<h4 class=\"color3-color\">olhar para o amanh\u00e3 e o ontem ao mesmo tempo<\/h4>\n<p class=\"\" style=\"font-size: 16px;\"><strong>buscamos unir o melhor de ambos os mundos: dos livros que tocamos com nossas m\u00e3os, dos l\u00e1pis e pinc\u00e9is que utilizamos e dos recursos digitais que nos auxiliam a dialogar no mundo do S\u00e9culo XXI.<\/strong><\/p>\n<\/div>\n<\/div>\n<div class=\"col-md-4 col-sm-6 col-xs-12\">\n<p class=\"\"><img loading=\"lazy\" decoding=\"async\" class=\"bg-img bg-img-9 alignnone wp-image-69 \" style=\"margin-top: 20px; margin-bottom: 20px;\" src=\"https:\/\/www.topofilosofia.net\/cisonhos\/wp-content\/uploads\/2020\/09\/0_0_300_227.734375_iMac2-768x583.png\" alt=\"\" width=\"367\" height=\"279\" data-imhwpb-asset-id=\"695360\" srcset=\"https:\/\/www.topofilosofia.net\/cisonhos\/wp-content\/uploads\/2020\/09\/0_0_300_227.734375_iMac2-768x583.png 300w, https:\/\/www.topofilosofia.net\/cisonhos\/wp-content\/uploads\/2020\/09\/iMac2-1024x777.png 1024w, https:\/\/www.topofilosofia.net\/cisonhos\/wp-content\/uploads\/2020\/09\/iMac2-768x583.png 768w, https:\/\/www.topofilosofia.net\/cisonhos\/wp-content\/uploads\/2020\/09\/iMac2-1536x1166.png 1536w, https:\/\/www.topofilosofia.net\/cisonhos\/wp-content\/uploads\/2020\/09\/iMac2-2048x1554.png 2048w, https:\/\/www.topofilosofia.net\/cisonhos\/wp-content\/uploads\/2020\/09\/iMac2-250x190.png 250w, https:\/\/www.topofilosofia.net\/cisonhos\/wp-content\/uploads\/2020\/09\/iMac2-550x417.png 550w, https:\/\/www.topofilosofia.net\/cisonhos\/wp-content\/uploads\/2020\/09\/iMac2-800x607.png 800w, https:\/\/www.topofilosofia.net\/cisonhos\/wp-content\/uploads\/2020\/09\/iMac2-237x180.png 237w, https:\/\/www.topofilosofia.net\/cisonhos\/wp-content\/uploads\/2020\/09\/iMac2-395x300.png 395w, https:\/\/www.topofilosofia.net\/cisonhos\/wp-content\/uploads\/2020\/09\/iMac2-659x500.png 659w\" sizes=\"auto, (max-width: 367px) 100vw, 367px\" \/><\/p>\n<p class=\"\">&nbsp;<\/p>\n<p class=\"\" style=\"text-align: center;\"><strong><a class=\"button-primary\" href=\"https:\/\/www.topofilosofia.net\/cisonhos\/inscricao\/\">inscreva-se<\/a><\/strong><\/p>\n<\/div>\n<div class=\"col-md-4 col-sm-12 col-xs-12\">\n<h4 class=\"color3-color\" style=\"text-align: right;\"><strong>desenvolvemos um Design para sua aprendizagem<\/strong><\/h4>\n<p class=\"\" style=\"font-size: 16px; text-align: right;\"><strong>a partir de uma experi\u00eancia de mais de quarenta anos, dedicada \u00e0 rela\u00e7\u00e3o entre a tecnologia e a representa\u00e7\u00e3o em psican\u00e1lise, desenvolvemos uma metodologia e tecnologia did\u00e1tica digital &nbsp;para seu amparo de estudo e pesquisa.<\/strong><\/p>\n<p class=\"\"><img loading=\"lazy\" decoding=\"async\" class=\"aligncenter size-full bg-img bg-img-1 wp-image-17 wp-image-18\" style=\"margin-top: 20px; margin-bottom: 20px;\" src=\"https:\/\/www.topofilosofia.net\/cisonhos\/wp-content\/uploads\/2020\/09\/tmp_gcsNOsPEXfs-imhwpb-yctsomz1s3db9jd.jpg\" alt=\"gcsnospexfs\" width=\"600\" height=\"450\" data-imhwpb-asset-id=\"695361\"><\/p>\n<\/div>\n<\/div>\n<\/div>\n<\/div>\n<div class=\"boldgrid-section color4-background-color color4-text-default\">\n<div class=\"container\">\n<div class=\"row\" style=\"padding-top: 65px; padding-bottom: 0px;\">\n<div class=\"col-md-12 col-xs-12 col-sm-12\">\n<div style=\"background-color: transparent;\" class=\"\">\n<h2 class=\"color3-color\" style=\"text-align: center;\">certifica\u00e7\u00e3o pela TOPOS<\/h2>\n<\/div>\n<\/div>\n<\/div>\n<div class=\"row\" style=\"padding-top: 20px; padding-bottom: 98px;\">\n<div class=\"col-md-3 col-sm-6 col-xs-12\">\n<p class=\"\"><img loading=\"lazy\" decoding=\"async\" class=\"aligncenter size-full bg-img bg-img-rounded wp-image-18 wp-image-19\" style=\"margin-top: 20px; margin-bottom: 20px;\" src=\"https:\/\/www.topofilosofia.net\/cisonhos\/wp-content\/uploads\/2020\/09\/tmp_DtDlVpy-vvQ-imhwpb-3fq3cvgi3gbebvo.jpg\" alt=\"dtdlvpy-vvq\" width=\"600\" height=\"600\" data-imhwpb-asset-id=\"695362\"><\/p>\n<\/div>\n<div class=\"col-md-3 col-sm-6 col-xs-12\">\n<p class=\"\"><img loading=\"lazy\" decoding=\"async\" class=\"aligncenter size-full bg-img bg-img-rounded wp-image-19 wp-image-20\" style=\"margin-top: 20px; margin-bottom: 20px;\" src=\"https:\/\/www.topofilosofia.net\/cisonhos\/wp-content\/uploads\/2020\/09\/tmp_VZ07w73ta-k-imhwpb-74781mv4bxif63t.jpg\" alt=\"vz07w73ta-k\" width=\"600\" height=\"600\" data-imhwpb-asset-id=\"695363\"><\/p>\n<\/div>\n<div class=\"col-md-3 col-sm-12 col-xs-12 align-column-top\">\n<p class=\"\" style=\"font-size: 16px;\"><strong>O curso expedir\u00e1 Certificado de Participa\u00e7\u00e3o Digital para seus participantes pela TOPOS, com a assinatura do professor Lu\u00eds Carlos Petry, equivalente a 60 horas\/aula, podendo ser utilizado para curr\u00edculo e inclusive para horas complementares em Cursos de Psicologia e afins.<\/strong><\/p>\n<\/div>\n<div class=\"col-md-3 col-sm-12 col-xs-12 align-column-center\">\n<p class=\"\" style=\"font-size: 16px;\"><strong>Quando voc\u00ea estuda, realiza um percurso, sua a\u00e7\u00e3o e empreendimento devem ser sempre reconhecidos e apoiados.<\/strong><\/p>\n<p class=\"\">&nbsp;<\/p>\n<p class=\"\" style=\"font-size: 16px;\">&nbsp;<\/p>\n<p class=\"\" style=\"text-align: center;\"><a class=\"button-primary\" href=\"#\"><strong>INSCREVA-SE<\/strong><\/a><\/p>\n<\/div>\n<\/div>\n<\/div>\n<\/div>\n","protected":false},"excerpt":{"rendered":"<p>uma proposta de retorno ao pensamento de Freud &nbsp; um olhar e uma leitura que \u00e9 um retorno \u00e0 coisa freudiana No seguimento dos trabalhos realizados com o curso \u00abO nascimento da cl\u00ednica freudiana\u00bb, o curso sobre \u00abA Interpreta\u00e7\u00e3o dos Sonhos\u00bb ir\u00e1 percorrer os fundamentos e o trajeto desenhado por Sigmund Freud em sua Opera [&hellip;]<\/p>\n","protected":false},"author":1,"featured_media":0,"parent":0,"menu_order":0,"comment_status":"closed","ping_status":"closed","template":"page_home.php","meta":{"bgseo_title":"","bgseo_description":"","bgseo_robots_index":"index","bgseo_robots_follow":"follow","footnotes":""},"class_list":["post-6","page","type-page","status-publish"],"_links":{"self":[{"href":"https:\/\/www.topofilosofia.net\/cisonhos\/wp-json\/wp\/v2\/pages\/6","targetHints":{"allow":["GET"]}}],"collection":[{"href":"https:\/\/www.topofilosofia.net\/cisonhos\/wp-json\/wp\/v2\/pages"}],"about":[{"href":"https:\/\/www.topofilosofia.net\/cisonhos\/wp-json\/wp\/v2\/types\/page"}],"author":[{"embeddable":true,"href":"https:\/\/www.topofilosofia.net\/cisonhos\/wp-json\/wp\/v2\/users\/1"}],"replies":[{"embeddable":true,"href":"https:\/\/www.topofilosofia.net\/cisonhos\/wp-json\/wp\/v2\/comments?post=6"}],"version-history":[{"count":10,"href":"https:\/\/www.topofilosofia.net\/cisonhos\/wp-json\/wp\/v2\/pages\/6\/revisions"}],"predecessor-version":[{"id":251,"href":"https:\/\/www.topofilosofia.net\/cisonhos\/wp-json\/wp\/v2\/pages\/6\/revisions\/251"}],"wp:attachment":[{"href":"https:\/\/www.topofilosofia.net\/cisonhos\/wp-json\/wp\/v2\/media?parent=6"}],"curies":[{"name":"wp","href":"https:\/\/api.w.org\/{rel}","templated":true}]}}